by 7?
4
What is the remainder when 149/2 - (-21)/(-14) is divided by 25?
23
Let s be (-4)/(-14) - 150/(-14). Let j = -6 + s. Let l(r) = -2*r - 3. What is the remainder when j is divided by l(-3)?
2
Let r = 13 - 46. Let s = r - -46. Suppose 2*q + 3*q - 125 = 0. What is the remainder when q is divided by s?
12
Suppose 0 = -2*f - 3*f - 165. Calculate the remainder when (-53)/(-3) + 22/f is divided by 6.
5
Suppose -3*h - 2*z = -12, -z + 9 = 2*z. What is the remainder when h is divided by 2?
0
Suppose -3*i + 44 = -1. Calculate the remainder when 44 is divided by i.
14
Let l = 54 - 11. Calculate the remainder when l is divided by 15.
13
Let o be (-1)/(1/(-1))*2. Let a be 0 - (3 - o/(-2)). Let d = 6 + a. Calculate the remainder when 2 is divided by d.
0
Suppose -9*n = -6*n - 351. Calculate the remainder when n is divided by 24.
21
Suppose -4*q - 7 = 9, -5*o = -4*q - 211. Calculate the remainder when 150 is divided by o.
33
Let q(t) = 2*t**2 - 5*t + 4. Let v be q(3). Suppose d + 5*r = -0*d - 7, 2*r - 18 = -2*d. What is the remainder when d is divided by v + 1/(-1) - 1?
3
Let h(k) = 2*k - 2. Suppose 0 = -5*z - 0*z + 115. What is the remainder when z is divided by h(5)?
7
Let d(l) be the first derivative of -l**3/3 + 11*l**2/2 + 2*l - 2. Let f be d(9). Suppose -5*q + 3*q = -f. What is the remainder when 19 is divided by q?
9
Suppose -3*u = -61 + 13. Suppose u*n - 40 = 12*n. What is the remainder when 18 is divided by n?
8
Suppose -10*s = -6*s - 80. Suppose -10 = -5*q + 4*q - 2*p, -2*q + s = p. What is the remainder when 17 is divided by q?
7
Let n(x) = -x**2 + 13*x - 9. Calculate the remainder when 36 is divided by n(11).
10
Suppose -2*b + 68 = b + s, 0 = 3*b - 4*s - 88. Suppose 2*d + 3*i - 25 = 2, -5*d + 2*i = -58. Let u = b + d. Calculate the remainder when u is divided by 13.
10
Let f be 0*(-2 + (3 - 0)). Suppose -w + 0*w + 10 = f. What is the remainder when 18 is divided by w?
8
Let n = 7 - 6. Calculate the remainder when 29 is divided by n + 4/(-2) + 11.
9
Calculate the remainder when 160 is divided by 1098/63 - 12/(-21).
16
Suppose 4*q = 2*g + 166, 5*g - 128 - 102 = -5*q. Calculate the remainder when q is divided by 11.
10
Let i(v) = -v**3 - 9*v**2 - 12*v - 3. Calculate the remainder when i(-8) is divided by 2/(-3) - (-47)/3.
14
Suppose -5 = -f - 3*k + 7*k, 5*f + 2*k = 25. Suppose f*j + 15 = 2*z - 15, j - 4 = 0. Calculate the remainder when z is divided by 13.
12
Suppose 101 = 3*p - 22. What is the remainder when p is divided by 15?
11
What is the remainder when (-34)/(-1)*(-4 - -5) - -1 is divided by 10?
5
Suppose t + 17 = 5*f, -4*f + 28 = -4*t + 8*t. Suppose 5*b = t*o - 9 + 91, -b - 4*o = 2. Calculate the remainder when b is divided by 8.
6
Suppose 3*t - r = 72, 0*t + 3*t - 3*r = 66. Let y = 1 + 48. Calculate the remainder when y is divided by t.
24
Suppose -5*r = -6 - 4. Let y = 8 - -7. Suppose y = r*l - l. What is the remainder when 28 is divided by l?
13
Suppose -2*k = o - 35, 52 = 2*k + 2*k - 4*o. Calculate the remainder when 62 is divided by k.
14
Suppose 13 = 3*z - 5. Suppose -5*h + 4*k + 53 = -203, 2*k = 5*h - 248. Suppose -3*b = -0*b - h. What is the remainder when b is divided by z?
4
Suppose -3*n - 12 + 3 = 2*z, -21 = -2*z + 3*n. What is the remainder when (-3)/(1/(-26)*z) is divided by 14?
12
Suppose -3*m + 99 = 4*o - 5*o, -o = 4*m - 125. What is the remainder when 95 is divided by m?
31
Suppose 0 = -5*j + 2*j - 12. What is the remainder when 7 + j/((-4)/3) is divided by 6?
4
Let k = -5 - -8. Let x(l) = -l + 4. Let b = -7 + 2. What is the remainder when x(b) is divided by k?
0
Suppose 3*d = -g + 11, -5*g + 20 = -3*d + 1. Suppose 5*b + 5*h + 65 = 230, -2 = -d*h. Calculate the remainder when b is divided by 17.
15
Suppose b = 23 - 4. Let c = b - -6. What is the remainder when c is divided by 9?
7
Let p(h) = -3*h**3 + h**2 - h - 1. Let r(d) = d**2 + 7*d - 4. Let z be r(-6). Let s = z - -16. Calculate the remainder when s is divided by p(-1).
2
Suppose -10*i + 368 = -2*i. Calculate the remainder when 180 is divided by i.
42
Let n = 2 + 22. What is the remainder when (47 + 0)/((-4)/(-4)) is divided by n?
23
Let x(c) = c**3 - 12*c**2 + 2*c - 12. Suppose 0 = 5*i - 34 - 26. Calculate the remainder when 45 is divided by x(i).
9
Suppose -16 = -7*s - 2. Calculate the remainder when s is divided by 2.
0
Suppose 2*r - 100 = 78. What is the remainder when r is divided by 30?
29
Suppose 81*h = 76*h + 35. Calculate the remainder when 13 is divided by h.
6
What is the remainder when (-4 - -66) + (0 - 2) is divided by 32?
28
Let n = 1 + 1. Suppose 5*f + 4*w - 85 = 0, 3*w - 80 = -n*f - 3*f. Calculate the remainder when 49 + 8/(-4) + 3 is divided by f.
11
Let v(g) = -g**3 - 6*g**2 + 6*g + 3. Suppose -r = -5 + 25. Let d = 13 + r. Calculate the remainder when 29 is divided by v(d).
9
Let c = 64 + -43. Calculate the remainder when 82 is divided by c.
19
Suppose 1 + 15 = 4*m. Calculate the remainder when (10 - 10) + 2*m is divided by 3.
2
Let i(j) = 3*j**2 + 3*j - 1. Calculate the remainder when i(5) is divided by 13.
11
Let r = 4 + 1. Let u = 8 - 6. Let i = u + r. What is the remainder when 19 is divided by i?
5
Let s(p) = p**3 + 4*p**2 - p + 1. Suppose -u + 3 = 2*f, 0 = -3*u - 3*f + 3. What is the remainder when -1*u/((-3)/(-111)) is divided by s(-3)?
11
Let j = -4 - -5. Suppose -3*l + 23 + j = 0. What is the remainder when 10 is divided by l/3*3/2?
2
Suppose -2*u - 8*u = -310. What is the remainder when u is divided by 12?
7
Let w = -9 - -18. Suppose 5*k + 1 - 11 = 0. Suppose 3*y + k*i - 72 = -2*y, 0 = 4*y + 5*i - 44. What is the remainder when y is divided by w?
7
Let o(n) = -n**3 + 8*n**2 + 4*n - 62. Let h(d) = -d - 1. Calculate the remainder when o(7) is divided by h(-3).
1
Let i(w) = 2*w**2 - 8*w - 7. Let z be i(5). Suppose -4*x = 8*b - z*b - 48, -12 = -4*x + 4*b. Calculate the remainder when x is divided by 4.
3
Let z = -22 - -26. Calculate the remainder when 31 is divided by z.
3
Let l = 30 + -9. Suppose -3 - 4 = -r + 4*f, -46 = -4*r - 2*f. Calculate the remainder when l is divided by r.
10
Suppose p - 13 = 4*a, 2*a + 0*a + 23 = p. Suppose -9 = 4*b - 5*b. What is the remainder when p is divided by b?
6
Suppose -3*m + 630 = 4*m. Calculate the remainder when m is divided by 31.
28
Suppose 0 = -3*i + 2*i + 70. Calculate the remainder when i is divided by 9.
7
Let s(t) = t - 4. Let j be s(6). Let k = -1 - j. Let p(g) = -g**3 - 3*g**2 - 2*g. Calculate the remainder when 17 is divided by p(k).
5
Let s(k) = 2*k**3 + 44*k**2 - 52*k - 75. Calculate the remainder when s(-23) is divided by (-2)/(-4)*0 + 13.
11
Let t(u) = 2*u**2 + 6*u + 1. Let a be t(-4). What is the remainder when (-1 + (-3)/a)*-57 is divided by 26?
24
Let l(c) = -11*c + 4. Let g(u) = 32*u - 11. Let z(o) = -6*g(o) - 17*l(o). Suppose 3*f - 1 = -10. Calculate the remainder when 24 is divided by z(f).
11
Suppose 5*d + 2*k - 181 = 0, 0 = -3*d - k + 75 + 33. What is the remainder when 136 is divided by d?
31
Suppose -3*r - 87 = -4*n + 9, -5*n - r + 139 = 0. What is the remainder when 49 is divided by n?
22
Suppose -u = 9 - 59. Suppose -2*c - 4*v + 50 = 0, -10 = -4*v + 6. What is the remainder when u is divided by c?
16
Suppose 72 = 2*w + 2*w. What is the remainder when w is divided by 7?
4
Let y be 2/((12/15)/2). Suppose y = i - 0*i. What is the remainder when 8 is divided by i?
3
Let v(m) be the third derivative of m**5/30 + m**4/2 + m**3 + 3*m**2. What is the remainder when v(-8) is divided by 10?
8
Let t be 1*-1 - (1 + -4). Calculate the remainder when (-75)/(-5)*t/6 is divided by 3.
2
Suppose -4*x = -2*x. Suppose -2*l = -7 + 5. Calculate the remainder when 44 + 1 + l - x is divided by 16.
14
Let p be 3/(-12) + 34/8. Suppose a - 12 = -2*m, -4 + 24 = m + p*a. What is the remainder when 15 is divided by m?
3
Let s = 48 + -36. Let l(c) = 5*c**2 + 3*c - 6. Let u be l(-5). Suppose 0*v + 38 = v - 4*x, 2*x + u = 3*v. Calculate the remainder when v is divided by s.
10
Let t(i) = -i**2 + 5*i - 4. Let h be t(5). Let m = h - -3. What is the remainder when 19*1*(m + 2) is divided by 10?
9
Let o(n) = -n**2 - 13*n - 23. What is the remainder when 27 is divided by o(-10)?
6
Suppose f + 4 = -3*b + 42, -5*f + 2*b = -122. Let m(c) = -2*c - 4. Let g be m(-6). Suppose -t + g = 1. What is the remainder when f i